y be h(-10). Calculate the greatest common factor of 18 and y.
9
Suppose -6 = -2*m, 3*w + 0*m + 5*m = 510. Calculate the greatest common factor of w and 15.
15
Let t(c) = c**2 - 7*c - 1. Let w be t(-6). Let n be (-70)/(-6) - 2/3. What is the greatest common divisor of n and w?
11
Let q(g) = -5*g**3 + 4*g**3 + 4*g**3 + g + 2 - g**3 - 4*g**2. Let s be q(2). Suppose -s*v + 2 = -70. Calculate the greatest common divisor of v and 180.
18
Suppose 0*h + h + 15 = -3*l, -3*h + l = 25. Let d be 14/63 - 205/h. What is the highest common divisor of d and 161?
23
Suppose 0 = 2*u - 2*j - 48, 6*u + 3*j - 75 = 2*u. Let i(v) = 26*v**2 - 3. Let l be i(3). What is the highest common factor of l and u?
21
Let s(r) = r**3 - r**2 + r + 27. Let l be s(0). Let w be l/5 + (-10)/25. Calculate the highest common divisor of 25 and w.
5
Suppose -4*x + 32 + 16 = 0. Calculate the greatest common factor of 24 and x.
12
Let j(h) = 39*h - 37. Let y be j(4). What is the highest common factor of y and 7?
7
Let o(a) = 15*a**2 + a. Suppose 0 = -p - v - 4, 3*p + 0*v + 4*v + 15 = 0. Let d be o(p). What is the highest common factor of d and 7?
7
Let t(g) = g - 2. Let v be t(4). Let y be 168/(-6)*(-1)/v. Calculate the highest common divisor of 56 and y.
14
Let j be (-3)/9 + (-366)/(-18). Let s be (45/2)/(3/24). What is the greatest common divisor of s and j?
20
Suppose -x + 4*f + 3 = 6*f, 0 = x + 3*f - 1. What is the greatest common divisor of 28 and x?
7
Let w(x) = 50*x. Let a be w(2). What is the highest common factor of a and 250?
50
Let b = 50 - 30. Let r = 16 + b. Calculate the greatest common factor of r and 4.
4
Suppose 3*m = 7*m. Suppose m = 2*d + 3*d - 600. Calculate the highest common factor of d and 15.
15
Let q = -17 - -8. Let g(k) = -2*k. Let u be g(q). What is the highest common factor of u and 198?
18
Suppose 0 = -f - 4*f + 105. Suppose -3*t + 4*v = -6, -2*t - 2*v + f = v. What is the greatest common divisor of t and 15?
3
Let c = -9 - -7. Let u be ((-8)/8)/(c/98). What is the greatest common factor of u and 7?
7
Suppose -4*m = 2*d - 5*m - 5, -5*m = -25. Suppose d*c + 45 = 6*c. Calculate the greatest common divisor of 18 and c.
9
Suppose 4*s - 6*s = i - 6, 4*s = 12. Suppose 0*l - 3*l + 72 = i. Let j be (1 + -3)*-1 + -1 + 2. What is the highest common factor of j and l?
3
Let p be 1/(1/23*1). Suppose q = -4*s - 121, 4*q + 107 = -3*s - 0*q. Let h = s + 144. Calculate the greatest common divisor of p and h.
23
Let t be (-2)/(-7) + 261/(-7). Let i be (2/(-2) + 2)*62. Let f = t + i. What is the highest common factor of 5 and f?
5
Let i(f) = -f**2 - 5*f + 2. Let y be i(-5). What is the highest common factor of 22 and y?
2
Let z(h) = h + 6. Let o be z(-3). Suppose n - 23 = o. Calculate the greatest common factor of 208 and n.
26
Suppose 0 = 5*y, -4*q + 17 = -5*y + 5. Let l be 123/9 + (-2)/q. What is the highest common factor of l and 143?
13
Let u be ((-3 - -1) + 1)*-2. Suppose 5*b - 15 = -u*h, b + 7 = 2*h - 2. Suppose -96 = -2*m - 26. Calculate the highest common divisor of h and m.
5
Let q = 60 - 15. What is the greatest common divisor of 5 and q?
5
Let v(d) be the third derivative of -d**6/120 - d**3/2 + 6*d**2. Let m be v(-3). What is the highest common factor of m and 12?
12
Suppose -2*r = -l + 5*l - 252, 2*r + 63 = l. What is the highest common factor of 9 and l?
9
Let s(n) = 8*n**2 - 4*n - 6. Let q be s(-2). What is the highest common factor of q and 2?
2
Suppose -q + 1 - 8 = 0. Let y be 42/(-24)*(-1 + q). Calculate the greatest common factor of 35 and y.
7
Let w be (-16)/3*(-1 + -2). Let s be (2/4)/((-2)/w). Let h(d) = -d**2 - 5*d - 3. Let o be h(s). Calculate the greatest common divisor of o and 4.
1
Let i(b) = b**3 - b**2. Let y be i(1). Let z = y + 4. Let o = 4 + 0. Calculate the highest common factor of o and z.
4
Suppose -7*w + 3*w + 540 = 0. Calculate the greatest common divisor of w and 15.
15
Let o = -10 + 16. Suppose -2*q = -o*q + 340. Calculate the highest common divisor of q and 34.
17
Suppose f + 13 = -z + 4*z, 5*z - 25 = 0. Suppose 5*p = -f*a + 14, -5*p + 3*a = -p - 25. Calculate the highest common divisor of p and 4.
4
Let g = -8 - -48. Let w be (-6)/5*g/(-6). Calculate the greatest common factor of w and 1.
1
Suppose 111 + 13 = -5*j + 3*w, -4*w - 34 = 2*j. Let s = j + 24. Calculate the greatest common divisor of s and 3.
1
Let y(w) = w**2 + 5*w + 4. Let n be y(-5). Suppose -u = n*u - 20. What is the highest common factor of 44 and u?
4
Suppose -2*h + 10 = -0*h, 3*t - 52 = 4*h. Let y = -9 + t. Calculate the greatest common divisor of 30 and y.
15
Suppose -2*f = 0, 3*x = -12*f + 9*f + 240. Calculate the highest common divisor of 60 and x.
20
Suppose 0*o - 680 = -4*o. Let b = o - 101. What is the greatest common factor of b and 23?
23
Let d(g) = g**3 - 5*g**2 - 3*g + 2. Let k be d(6). Suppose 0 = 5*b - k, 3*r - 4*b + 6 - 14 = 0. What is the greatest common divisor of r and 20?
4
Let y(c) = -c**3 - 10*c**2 + 13*c + 15. Let g be y(-11). Let h(m) = -2*m + 10. Let q be h(g). Let n = -16 + 28. What is the highest common factor of n and q?
12
Suppose 97 = 4*z - 3*t, -5*z - 4*t + 9*t + 125 = 0. Suppose -3*m = -5*n + 3*n - 93, -2*m + 2*n = -60. What is the highest common divisor of m and z?
11
Let h = 0 - 175. Let f = -77 - h. Let r be (20 - -1)*2/3. What is the highest common divisor of r and f?
14
Let x be (-6)/(-7 - (-3 + -1)). What is the highest common factor of 18 and x?
2
Let z = 668 - 460. Calculate the greatest common factor of z and 16.
16
Let y = 2 + -2. Let p be 8 + 2/(-6)*y. Suppose -8 = -4*m + p. Calculate the greatest common divisor of 16 and m.
4
Let u = -43 - -60. What is the highest common factor of u and 136?
17
Let i(n) = n**2 + 4. Let w be i(0). Suppose -w*x + 182 = -2*u - 152, u + 82 = x. What is the highest common divisor of 17 and x?
17
Suppose -2 = 2*g - 0. Let m = 5 - g. Calculate the highest common factor of m and 48.
6
Suppose -3*x = -403 + 139. Suppose -2*o = 3*o - 100. Suppose -o = -5*y + 4*r, -r - 21 = -2*y - 2*r. What is the highest common factor of y and x?
8
Let l = -19 + 27. What is the highest common divisor of l and 88?
8
Let l be (14/(-8))/((-1)/4). Let f(m) = 2*m**3 - 10*m**2 + 4. Let k be f(l). Calculate the greatest common factor of k and 25.
25
Suppose 2*h = 6*h. Suppose h = -g + 3*g - 40. Calculate the greatest common factor of 160 and g.
20
Suppose 5*t + 8 = -2, -132 = -2*k - 4*t. Calculate the highest common divisor of 10 and k.
10
Suppose 0 = 2*x + 5*w + 43 - 10, -11 = -x + 3*w. Let y be 1/2*x*-1. Suppose 8 = y*z + z - u, -5*u = 4*z + 21. What is the greatest common divisor of 4 and z?
1
Let f(q) = 2*q**2 + 6*q + 4. Let l be f(-6). Calculate the greatest common divisor of l and 60.
20
Suppose 2*c = -0*c + 4. Suppose -c = -5*y + 8. Let z be (3*(-2)/(-3))/2. What is the highest common divisor of z and y?
1
Let s = 5 + -5. Suppose -22 = -s*w + w. Let p = -16 - w. What is the highest common divisor of 66 and p?
6
Let a(z) = 20*z - 4. Suppose -4*f = -f - 2*m - 66, 0 = -2*f - 3*m + 44. Let p = f + -15. Let y be a(p). What is the highest common divisor of 17 and y?
17
Let m(n) = -n**3 - 11*n**2 - 11*n + 1. Let l(x) = x**3 - x**2 - x. Let r be l(-2). Let y be m(r). What is the greatest common factor of 11 and y?
11
Let v = -88 + 151. Suppose 14*o - 15*o + 21 = 0. What is the highest common divisor of o and v?
21
Let x = 35 + -25. Let r(i) = 4*i**2 + 4. Let c be r(-3). What is the greatest common divisor of x and c?
10
Let t(g) = -g**3 + 10*g**2 - 9*g + 2. Let a be t(9). Suppose -11 = -5*m - 4*v, 6*m - a*m + 5*v = 7. Calculate the greatest common divisor of m and 1.
1
Let m = 12 + 131. Let n(l) = l**3 + 6*l**2 - 3. Let i be n(-5). Let o = i - 9. What is the highest common factor of m and o?
13
Let o(z) = -2*z - 3. Let x be o(-3). Suppose -x*b = d - 8, d + 3 = -4*b + 12. Calculate the highest common factor of 35 and d.
5
Suppose 3*z + 1 = -u, -4*u + 3*z + 1 = -10. What is the greatest common factor of u and 3?
1
Suppose o + 2 = 0, -2*p - p + 4*o + 98 = 0. Let i = -6 + 51. Calculate the greatest common divisor of i and p.
15
Let r(z) = -z**3 + 5*z**2 + 6*z + 5. Let g be r(5). What is the greatest common factor of 5 and g?
5
Let j be 16 + (-1)/1 + 1. Suppose 0 = -2*q + 4*q - j. Let h = q - 0. What is the highest common factor 